{"id":21,"date":"2021-05-21T16:55:26","date_gmt":"2021-05-21T19:55:26","guid":{"rendered":"https:\/\/pesquisadoacaobrasil.org.br\/2020\/?page_id=21"},"modified":"2021-08-22T23:28:02","modified_gmt":"2021-08-23T02:28:02","slug":"resultados","status":"publish","type":"page","link":"https:\/\/pesquisadoacaobrasil.org.br\/2020\/resultados\/","title":{"rendered":"Resultados"},"content":{"rendered":"","protected":false},"excerpt":{"rendered":"","protected":false},"author":1,"featured_media":0,"parent":0,"menu_order":0,"comment_status":"closed","ping_status":"closed","template":"","meta":{"footnotes":""},"class_list":["post-21","page","type-page","status-publish","hentry"],"yoast_head":"<!-- This site is optimized with the Yoast SEO plugin v20.10 - https:\/\/yoast.com\/wordpress\/plugins\/seo\/ -->\n<title>Resultados - Pesquisa Doa\u00e7\u00e3o Brasil 2020 - IDIS<\/title>\n<meta name=\"robots\" content=\"index, follow, max-snippet:-1, max-image-preview:large, max-video-preview:-1\" \/>\n<link rel=\"canonical\" href=\"https:\/\/pesquisadoacaobrasil.org.br\/2020\/resultados\/\" \/>\n<meta property=\"og:locale\" content=\"pt_BR\" \/>\n<meta property=\"og:type\" content=\"article\" \/>\n<meta property=\"og:title\" content=\"Pesquisa Doa\u00e7\u00e3o Brasil 2020\" \/>\n<meta property=\"og:description\" content=\"A pesquisa que mostra como pensam e se comportam os doadores brasileiros (e os n\u00e3o doadores tamb\u00e9m). Visite para saber mais.\" \/>\n<meta property=\"og:url\" content=\"https:\/\/pesquisadoacaobrasil.org.br\/2020\/resultados\/\" \/>\n<meta property=\"og:site_name\" content=\"Pesquisa Doa\u00e7\u00e3o Brasil 2020 - IDIS\" \/>\n<meta property=\"article:modified_time\" content=\"2021-08-23T02:28:02+00:00\" \/>\n<meta property=\"og:image\" content=\"https:\/\/pesquisadoacaobrasil.org.br\/2020\/wp-content\/uploads\/2021\/08\/share-pesquisa-doacao-2020.png\" \/>\n\t<meta property=\"og:image:width\" content=\"1083\" \/>\n\t<meta property=\"og:image:height\" content=\"608\" \/>\n\t<meta property=\"og:image:type\" content=\"image\/png\" \/>\n<meta name=\"twitter:card\" content=\"summary_large_image\" \/>\n<meta name=\"twitter:title\" content=\"Pesquisa Doa\u00e7\u00e3o Brasil 2020\" \/>\n<meta name=\"twitter:description\" content=\"A pesquisa que mostra como pensam e se comportam os doadores brasileiros (e os n\u00e3o doadores tamb\u00e9m). Visite para saber mais.\" \/>\n<meta name=\"twitter:image\" content=\"https:\/\/pesquisadoacaobrasil.org.br\/2020\/wp-content\/uploads\/2021\/08\/share-pesquisa-doacao-2020.png\" \/>\n<script type=\"application\/ld+json\" class=\"yoast-schema-graph\">{\"@context\":\"https:\/\/schema.org\",\"@graph\":[{\"@type\":\"WebPage\",\"@id\":\"https:\/\/pesquisadoacaobrasil.org.br\/2020\/resultados\/\",\"url\":\"https:\/\/pesquisadoacaobrasil.org.br\/2020\/resultados\/\",\"name\":\"Resultados - Pesquisa Doa\u00e7\u00e3o Brasil 2020 - IDIS\",\"isPartOf\":{\"@id\":\"https:\/\/pesquisadoacaobrasil.org.br\/2020\/#website\"},\"datePublished\":\"2021-05-21T19:55:26+00:00\",\"dateModified\":\"2021-08-23T02:28:02+00:00\",\"inLanguage\":\"pt-BR\",\"potentialAction\":[{\"@type\":\"ReadAction\",\"target\":[\"https:\/\/pesquisadoacaobrasil.org.br\/2020\/resultados\/\"]}]},{\"@type\":\"WebSite\",\"@id\":\"https:\/\/pesquisadoacaobrasil.org.br\/2020\/#website\",\"url\":\"https:\/\/pesquisadoacaobrasil.org.br\/2020\/\",\"name\":\"Pesquisa Doa\u00e7\u00e3o Brasil 2020 - IDIS\",\"description\":\"\",\"publisher\":{\"@id\":\"https:\/\/pesquisadoacaobrasil.org.br\/2020\/#organization\"},\"potentialAction\":[{\"@type\":\"SearchAction\",\"target\":{\"@type\":\"EntryPoint\",\"urlTemplate\":\"https:\/\/pesquisadoacaobrasil.org.br\/2020\/?s={search_term_string}\"},\"query-input\":\"required name=search_term_string\"}],\"inLanguage\":\"pt-BR\"},{\"@type\":\"Organization\",\"@id\":\"https:\/\/pesquisadoacaobrasil.org.br\/2020\/#organization\",\"name\":\"Pesquisa Doa\u00e7\u00e3o Brasil 2020 - IDIS\",\"url\":\"https:\/\/pesquisadoacaobrasil.org.br\/2020\/\",\"logo\":{\"@type\":\"ImageObject\",\"inLanguage\":\"pt-BR\",\"@id\":\"https:\/\/pesquisadoacaobrasil.org.br\/2020\/#\/schema\/logo\/image\/\",\"url\":\"https:\/\/pesquisadoacaobrasil.org.br\/2020\/wp-content\/uploads\/2021\/05\/logo.svg\",\"contentUrl\":\"https:\/\/pesquisadoacaobrasil.org.br\/2020\/wp-content\/uploads\/2021\/05\/logo.svg\",\"caption\":\"Pesquisa Doa\u00e7\u00e3o Brasil 2020 - IDIS\"},\"image\":{\"@id\":\"https:\/\/pesquisadoacaobrasil.org.br\/2020\/#\/schema\/logo\/image\/\"}}]}<\/script>\n<!-- \/ Yoast SEO plugin. -->","yoast_head_json":{"title":"Resultados - Pesquisa Doa\u00e7\u00e3o Brasil 2020 - IDIS","robots":{"index":"index","follow":"follow","max-snippet":"max-snippet:-1","max-image-preview":"max-image-preview:large","max-video-preview":"max-video-preview:-1"},"canonical":"https:\/\/pesquisadoacaobrasil.org.br\/2020\/resultados\/","og_locale":"pt_BR","og_type":"article","og_title":"Pesquisa Doa\u00e7\u00e3o Brasil 2020","og_description":"A pesquisa que mostra como pensam e se comportam os doadores brasileiros (e os n\u00e3o doadores tamb\u00e9m). Visite para saber mais.","og_url":"https:\/\/pesquisadoacaobrasil.org.br\/2020\/resultados\/","og_site_name":"Pesquisa Doa\u00e7\u00e3o Brasil 2020 - IDIS","article_modified_time":"2021-08-23T02:28:02+00:00","og_image":[{"width":1083,"height":608,"url":"https:\/\/pesquisadoacaobrasil.org.br\/2020\/wp-content\/uploads\/2021\/08\/share-pesquisa-doacao-2020.png","type":"image\/png"}],"twitter_card":"summary_large_image","twitter_title":"Pesquisa Doa\u00e7\u00e3o Brasil 2020","twitter_description":"A pesquisa que mostra como pensam e se comportam os doadores brasileiros (e os n\u00e3o doadores tamb\u00e9m). Visite para saber mais.","twitter_image":"https:\/\/pesquisadoacaobrasil.org.br\/2020\/wp-content\/uploads\/2021\/08\/share-pesquisa-doacao-2020.png","schema":{"@context":"https:\/\/schema.org","@graph":[{"@type":"WebPage","@id":"https:\/\/pesquisadoacaobrasil.org.br\/2020\/resultados\/","url":"https:\/\/pesquisadoacaobrasil.org.br\/2020\/resultados\/","name":"Resultados - Pesquisa Doa\u00e7\u00e3o Brasil 2020 - IDIS","isPartOf":{"@id":"https:\/\/pesquisadoacaobrasil.org.br\/2020\/#website"},"datePublished":"2021-05-21T19:55:26+00:00","dateModified":"2021-08-23T02:28:02+00:00","inLanguage":"pt-BR","potentialAction":[{"@type":"ReadAction","target":["https:\/\/pesquisadoacaobrasil.org.br\/2020\/resultados\/"]}]},{"@type":"WebSite","@id":"https:\/\/pesquisadoacaobrasil.org.br\/2020\/#website","url":"https:\/\/pesquisadoacaobrasil.org.br\/2020\/","name":"Pesquisa Doa\u00e7\u00e3o Brasil 2020 - IDIS","description":"","publisher":{"@id":"https:\/\/pesquisadoacaobrasil.org.br\/2020\/#organization"},"potentialAction":[{"@type":"SearchAction","target":{"@type":"EntryPoint","urlTemplate":"https:\/\/pesquisadoacaobrasil.org.br\/2020\/?s={search_term_string}"},"query-input":"required name=search_term_string"}],"inLanguage":"pt-BR"},{"@type":"Organization","@id":"https:\/\/pesquisadoacaobrasil.org.br\/2020\/#organization","name":"Pesquisa Doa\u00e7\u00e3o Brasil 2020 - IDIS","url":"https:\/\/pesquisadoacaobrasil.org.br\/2020\/","logo":{"@type":"ImageObject","inLanguage":"pt-BR","@id":"https:\/\/pesquisadoacaobrasil.org.br\/2020\/#\/schema\/logo\/image\/","url":"https:\/\/pesquisadoacaobrasil.org.br\/2020\/wp-content\/uploads\/2021\/05\/logo.svg","contentUrl":"https:\/\/pesquisadoacaobrasil.org.br\/2020\/wp-content\/uploads\/2021\/05\/logo.svg","caption":"Pesquisa Doa\u00e7\u00e3o Brasil 2020 - IDIS"},"image":{"@id":"https:\/\/pesquisadoacaobrasil.org.br\/2020\/#\/schema\/logo\/image\/"}}]}},"acf":{"hero":{"title":"Resultados"},"list":[{"question":253},{"question":254}],"icon":false,"questions":[{"question":{"ID":305,"post_author":"1","post_date":"2021-08-09 23:55:45","post_date_gmt":"2021-08-10 02:55:45","post_content":"","post_title":"Propor\u00e7\u00e3o de Doadores","post_excerpt":"","post_status":"publish","comment_status":"closed","ping_status":"closed","post_password":"","post_name":"grupo-1","to_ping":"","pinged":"","post_modified":"2021-08-23 00:05:28","post_modified_gmt":"2021-08-23 03:05:28","post_content_filtered":"","post_parent":0,"guid":"https:\/\/pesquisadoacaobrasil.org.br\/2020\/?post_type=resultados&#038;p=305","menu_order":0,"post_type":"resultados","post_mime_type":"","comment_count":"0","filter":"raw"}},{"question":{"ID":306,"post_author":"1","post_date":"2021-08-09 23:56:20","post_date_gmt":"2021-08-10 02:56:20","post_content":"","post_title":"Perfil do Doador","post_excerpt":"","post_status":"publish","comment_status":"closed","ping_status":"closed","post_password":"","post_name":"grupo-2","to_ping":"","pinged":"","post_modified":"2021-09-01 10:46:53","post_modified_gmt":"2021-09-01 13:46:53","post_content_filtered":"","post_parent":0,"guid":"https:\/\/pesquisadoacaobrasil.org.br\/2020\/?post_type=resultados&#038;p=306","menu_order":0,"post_type":"resultados","post_mime_type":"","comment_count":"0","filter":"raw"}},{"question":{"ID":307,"post_author":"1","post_date":"2021-08-09 23:57:01","post_date_gmt":"2021-08-10 02:57:01","post_content":"","post_title":"Caracter\u00edsticas das doa\u00e7\u00f5es","post_excerpt":"","post_status":"publish","comment_status":"closed","ping_status":"closed","post_password":"","post_name":"grupo-3","to_ping":"","pinged":"","post_modified":"2021-09-29 09:49:28","post_modified_gmt":"2021-09-29 12:49:28","post_content_filtered":"","post_parent":0,"guid":"https:\/\/pesquisadoacaobrasil.org.br\/2020\/?post_type=resultados&#038;p=307","menu_order":0,"post_type":"resultados","post_mime_type":"","comment_count":"0","filter":"raw"}},{"question":{"ID":308,"post_author":"1","post_date":"2021-08-09 23:57:36","post_date_gmt":"2021-08-10 02:57:36","post_content":"","post_title":"Meios de pagamento","post_excerpt":"","post_status":"publish","comment_status":"closed","ping_status":"closed","post_password":"","post_name":"grupo-4","to_ping":"","pinged":"","post_modified":"2021-08-22 23:41:04","post_modified_gmt":"2021-08-23 02:41:04","post_content_filtered":"","post_parent":0,"guid":"https:\/\/pesquisadoacaobrasil.org.br\/2020\/?post_type=resultados&#038;p=308","menu_order":0,"post_type":"resultados","post_mime_type":"","comment_count":"0","filter":"raw"}},{"question":{"ID":309,"post_author":"1","post_date":"2021-08-09 23:58:04","post_date_gmt":"2021-08-10 02:58:04","post_content":"","post_title":"Impacto da pandemia","post_excerpt":"","post_status":"publish","comment_status":"closed","ping_status":"closed","post_password":"","post_name":"grupo-5","to_ping":"","pinged":"","post_modified":"2021-09-18 11:37:56","post_modified_gmt":"2021-09-18 14:37:56","post_content_filtered":"","post_parent":0,"guid":"https:\/\/pesquisadoacaobrasil.org.br\/2020\/?post_type=resultados&#038;p=309","menu_order":0,"post_type":"resultados","post_mime_type":"","comment_count":"0","filter":"raw"}},{"question":{"ID":310,"post_author":"1","post_date":"2021-08-09 23:58:33","post_date_gmt":"2021-08-10 02:58:33","post_content":"","post_title":"Perfil do n\u00e3o doador","post_excerpt":"","post_status":"publish","comment_status":"closed","ping_status":"closed","post_password":"","post_name":"grupo-6","to_ping":"","pinged":"","post_modified":"2021-08-23 00:04:19","post_modified_gmt":"2021-08-23 03:04:19","post_content_filtered":"","post_parent":0,"guid":"https:\/\/pesquisadoacaobrasil.org.br\/2020\/?post_type=resultados&#038;p=310","menu_order":0,"post_type":"resultados","post_mime_type":"","comment_count":"0","filter":"raw"}},{"question":{"ID":311,"post_author":"1","post_date":"2021-08-09 23:59:02","post_date_gmt":"2021-08-10 02:59:02","post_content":"","post_title":"Como pensam os brasileiros","post_excerpt":"","post_status":"publish","comment_status":"closed","ping_status":"closed","post_password":"","post_name":"grupo-7","to_ping":"","pinged":"","post_modified":"2021-08-23 00:04:02","post_modified_gmt":"2021-08-23 03:04:02","post_content_filtered":"","post_parent":0,"guid":"https:\/\/pesquisadoacaobrasil.org.br\/2020\/?post_type=resultados&#038;p=311","menu_order":0,"post_type":"resultados","post_mime_type":"","comment_count":"0","filter":"raw"}},{"question":{"ID":312,"post_author":"1","post_date":"2021-08-09 23:59:28","post_date_gmt":"2021-08-10 02:59:28","post_content":"","post_title":"Doa\u00e7\u00e3o de bens e voluntariado","post_excerpt":"","post_status":"publish","comment_status":"closed","ping_status":"closed","post_password":"","post_name":"grupo-8","to_ping":"","pinged":"","post_modified":"2021-08-23 00:02:48","post_modified_gmt":"2021-08-23 03:02:48","post_content_filtered":"","post_parent":0,"guid":"https:\/\/pesquisadoacaobrasil.org.br\/2020\/?post_type=resultados&#038;p=312","menu_order":0,"post_type":"resultados","post_mime_type":"","comment_count":"0","filter":"raw"}}],"results-navigation":{"title":"Veja mais dados sobre:"},"form_newsletter":{"title":"Fique por dentro das novidades!","text":"Cadastre-se e receba novidades sobre a pesquisa e conte\u00fados sobre cultura de doa\u00e7\u00e3o.","label":"Tamb\u00e9m quero receber o InVista Social, a newsletter mensal do IDIS","placeholder":"E-mail","submit":"Receber aviso"}},"_links":{"self":[{"href":"https:\/\/pesquisadoacaobrasil.org.br\/2020\/wp-json\/wp\/v2\/pages\/21","targetHints":{"allow":["GET"]}}],"collection":[{"href":"https:\/\/pesquisadoacaobrasil.org.br\/2020\/wp-json\/wp\/v2\/pages"}],"about":[{"href":"https:\/\/pesquisadoacaobrasil.org.br\/2020\/wp-json\/wp\/v2\/types\/page"}],"author":[{"embeddable":true,"href":"https:\/\/pesquisadoacaobrasil.org.br\/2020\/wp-json\/wp\/v2\/users\/1"}],"replies":[{"embeddable":true,"href":"https:\/\/pesquisadoacaobrasil.org.br\/2020\/wp-json\/wp\/v2\/comments?post=21"}],"version-history":[{"count":8,"href":"https:\/\/pesquisadoacaobrasil.org.br\/2020\/wp-json\/wp\/v2\/pages\/21\/revisions"}],"predecessor-version":[{"id":644,"href":"https:\/\/pesquisadoacaobrasil.org.br\/2020\/wp-json\/wp\/v2\/pages\/21\/revisions\/644"}],"wp:attachment":[{"href":"https:\/\/pesquisadoacaobrasil.org.br\/2020\/wp-json\/wp\/v2\/media?parent=21"}],"curies":[{"name":"wp","href":"https:\/\/api.w.org\/{rel}","templated":true}]}}